{"id":20,"date":"2024-09-13T23:24:59","date_gmt":"2024-09-13T21:24:59","guid":{"rendered":"https:\/\/www.nmb-mehlingen.de\/cms\/?page_id=20"},"modified":"2024-09-19T23:41:50","modified_gmt":"2024-09-19T21:41:50","slug":"kontakt","status":"publish","type":"page","link":"https:\/\/www.nmb-mehlingen.de\/cms\/","title":{"rendered":"Willkommen"},"content":{"rendered":"\n<h2 class=\"wp-block-heading\">Herzlich willkommen beim NMB Mehlingen!<\/h2>\n\n\n\n<p>Herzlich willkommen auf der offiziellen Webseite des NMB Mehlingen, Ihrem zuverl\u00e4ssigen Partner f\u00fcr sportliche Aktivit\u00e4ten und Gemeinschaftserlebnisse in der Region. Seit vielen Jahren sind wir ein fester Bestandteil des lokalen Sportlebens und bieten eine breite Palette an Sportarten f\u00fcr Menschen jeden Alters und jeden Fitnesslevels.<\/p>\n\n\n\n<p>Entdecken Sie bei uns die Faszination des Fu\u00dfballs, erleben Sie die Dynamik der Leichtathletik oder lassen Sie sich von der Vielseitigkeit des Turnens begeistern. Egal, ob Sie Anf\u00e4nger sind oder bereits Erfahrung mitbringen \u2013 bei uns sind Sie genau richtig. Unsere engagierten Trainer und \u00dcbungsleiter unterst\u00fctzen Sie dabei, Ihre Ziele zu erreichen und sich in einer freundlichen und unterst\u00fctzenden Atmosph\u00e4re weiterzuentwickeln.<\/p>\n\n\n\n<p>Wir legen gro\u00dfen Wert auf die F\u00f6rderung des Gemeinschaftsgef\u00fchls und bieten neben dem sportlichen Training auch regelm\u00e4\u00dfige Veranstaltungen und Events, die es Ihnen erm\u00f6glichen, neue Freunde zu finden und sich mit Gleichgesinnten auszutauschen.<\/p>\n\n\n\n<p>Besuchen Sie uns auf unseren Seiten, um mehr \u00fcber unsere Angebote, unsere Mannschaften und unsere Veranstaltungen zu erfahren. Wir freuen uns darauf, Sie bald pers\u00f6nlich bei uns begr\u00fc\u00dfen zu d\u00fcrfen und gemeinsam sportliche H\u00f6chstleistungen zu erzielen.<\/p>\n\n\n\n<p>Ihr NMB Mehlingen Team<\/p>\n\n\n<div class=\"wp-block-image\">\n<figure class=\"aligncenter size-full is-resized\"><img data-recalc-dims=\"1\" loading=\"lazy\" decoding=\"async\" width=\"677\" height=\"688\" src=\"https:\/\/i0.wp.com\/www.nmb-mehlingen.de\/cms\/wp-content\/uploads\/2024\/09\/spvgg-nmb-mehlingen-a06764a7e00c6738e4e3773fe16d8108.jpg?resize=677%2C688&#038;ssl=1\" alt=\"\" class=\"wp-image-166\" style=\"width:202px;height:auto\" srcset=\"https:\/\/i0.wp.com\/www.nmb-mehlingen.de\/cms\/wp-content\/uploads\/2024\/09\/spvgg-nmb-mehlingen-a06764a7e00c6738e4e3773fe16d8108.jpg?w=677&amp;ssl=1 677w, https:\/\/i0.wp.com\/www.nmb-mehlingen.de\/cms\/wp-content\/uploads\/2024\/09\/spvgg-nmb-mehlingen-a06764a7e00c6738e4e3773fe16d8108.jpg?resize=295%2C300&amp;ssl=1 295w\" sizes=\"auto, (max-width: 677px) 100vw, 677px\" \/><\/figure>\n<\/div>\n\n\n<p><\/p>\n","protected":false},"excerpt":{"rendered":"<div class=\"entry-summary\">\nHerzlich willkommen beim NMB Mehlingen! Herzlich willkommen auf der offiziellen Webseite des NMB Mehlingen, Ihrem zuverl\u00e4ssigen Partner f\u00fcr sportliche Aktivit\u00e4ten&hellip;\n<\/div>\n<div class=\"link-more\"><a href=\"https:\/\/www.nmb-mehlingen.de\/cms\/\" class=\"more-link\">Continue reading<span class=\"screen-reader-text\"> &ldquo;Willkommen&rdquo;<\/span>&hellip;<\/a><\/div>\n","protected":false},"author":1,"featured_media":0,"parent":0,"menu_order":0,"comment_status":"closed","ping_status":"closed","template":"","meta":{"_acf_changed":false,"footnotes":""},"class_list":["post-20","page","type-page","status-publish","hentry","entry"],"acf":[],"jetpack_sharing_enabled":true,"_links":{"self":[{"href":"https:\/\/www.nmb-mehlingen.de\/cms\/wp-json\/wp\/v2\/pages\/20","targetHints":{"allow":["GET"]}}],"collection":[{"href":"https:\/\/www.nmb-mehlingen.de\/cms\/wp-json\/wp\/v2\/pages"}],"about":[{"href":"https:\/\/www.nmb-mehlingen.de\/cms\/wp-json\/wp\/v2\/types\/page"}],"author":[{"embeddable":true,"href":"https:\/\/www.nmb-mehlingen.de\/cms\/wp-json\/wp\/v2\/users\/1"}],"replies":[{"embeddable":true,"href":"https:\/\/www.nmb-mehlingen.de\/cms\/wp-json\/wp\/v2\/comments?post=20"}],"version-history":[{"count":0,"href":"https:\/\/www.nmb-mehlingen.de\/cms\/wp-json\/wp\/v2\/pages\/20\/revisions"}],"wp:attachment":[{"href":"https:\/\/www.nmb-mehlingen.de\/cms\/wp-json\/wp\/v2\/media?parent=20"}],"curies":[{"name":"wp","href":"https:\/\/api.w.org\/{rel}","templated":true}]}}